t of 2404?
4
What is the ten thousands digit of 93221?
9
What is the hundreds digit of 5519?
5
What is the thousands digit of 4947?
4
What is the units digit of 1347?
7
What is the hundreds digit of 143873?
8
What is the units digit of 94688?
8
What is the hundreds digit of 857?
8
What is the units digit of 6231?
1
What is the tens digit of 6345?
4
What is the hundreds digit of 801?
8
What is the tens digit of 891?
9
What is the units digit of 14181?
1
What is the tens digit of 123592?
9
What is the hundreds digit of 985?
9
What is the thousands digit of 71853?
1
What is the units digit of 14742?
2
What is the tens digit of 18?
1
What is the units digit of 9618?
8
What is the hundreds digit of 937?
9
What is the units digit of 8893?
3
What is the units digit of 103858?
8
What is the tens digit of 482?
8
What is the units digit of 4828?
8
What is the tens digit of 118503?
0
What is the ten thousands digit of 18594?
1
What is the hundreds digit of 7788?
7
What is the thousands digit of 2448?
2
What is the ten thousands digit of 43916?
4
What is the units digit of 1018?
8
What is the units digit of 2952?
2
What is the tens digit of 152389?
8
What is the ten thousands digit of 86415?
8
What is the hundreds digit of 31254?
2
What is the units digit of 4543?
3
What is the hundreds digit of 112?
1
What is the units digit of 14000?
0
What is the tens digit of 865?
6
What is the ten thousands digit of 33507?
3
What is the hundreds digit of 346?
3
What is the hundreds digit of 3999?
9
What is the hundreds digit of 9357?
3
What is the hundreds digit of 18018?
0
What is the thousands digit of 11468?
1
What is the hundreds digit of 699?
6
What is the ten thousands digit of 15480?
1
What is the thousands digit of 18965?
8
What is the tens digit of 19385?
8
What is the tens digit of 2530?
3
What is the tens digit of 1142?
4
What is the tens digit of 27838?
3
What is the tens digit of 903?
0
What is the hundreds digit of 3796?
7
What is the units digit of 3501?
1
What is the units digit of 141471?
1
What is the thousands digit of 1261?
1
What is the units digit of 2021?
1
What is the units digit of 100732?
2
What is the hundreds digit of 62175?
1
What is the thousands digit of 8608?
8
What is the units digit of 460?
0
What is the hundreds digit of 143?
1
What is the thousands digit of 1291?
1
What is the tens digit of 2116?
1
What is the thousands digit of 30406?
0
What is the ten thousands digit of 85333?
8
What is the thousands digit of 10111?
0
What is the thousands digit of 30396?
0
What is the thousands digit of 1227?
1
What is the hundreds digit of 1224?
2
What is the thousands digit of 25915?
5
What is the ten thousands digit of 10649?
1
What is the tens digit of 3331?
3
What is the tens digit of 2781?
8
What is the thousands digit of 3649?
3
What is the hundred thousands digit of 100237?
1
What is the hundreds digit of 908?
9
What is the thousands digit of 35501?
5
What is the tens digit of 16079?
7
What is the units digit of 17360?
0
What is the units digit of 23465?
5
What is the thousands digit of 4769?
4
What is the tens digit of 13815?
1
What is the tens digit of 2342?
4
What is the tens digit of 31263?
6
What is the ten thousands digit of 61740?
6
What is the hundreds digit of 2540?
5
What is the units digit of 33142?
2
What is the hundreds digit of 11855?
8
What is the thousands digit of 8000?
8
What is the hundreds digit of 903?
9
What is the thousands digit of 1731?
1
What is the tens digit of 20882?
8
What is the units digit of 45416?
6
What is the units digit of 990?
0
What is the tens digit of 76593?
9
What is the thousands digit of 1183?
1
What is the thousands digit of 1513?
1
What is the units digit of 604?
4
What is the tens digit of 814?
1
What is the tens digit of 865?
6
What is the thousands digit of 4226?
4
What is the hundreds digit of 2568?
5
What is the tens digit of 11767?
6
What is the tens digit of 950?
5
What is the hundreds digit of 1768?
7
What is the units digit of 6425?
5
What is the hundreds digit of 7919?
9
What is the hundreds digit of 6514?
5
What is the tens digit of 8973?
7
What is the thousands digit of 79219?
9
What is the hundreds digit of 751?
7
What is the units digit of 760?
0
What is the hundreds digit of 51393?
3
What is the units digit of 117229?
9
What is the units digit of 66612?
2
What is the tens digit of 21220?
2
What is the hundreds digit of 13550?
5
What is the units digit of 23806?
6
What is the thousands digit of 17748?
7
What is the hundreds digit of 65650?
6
What is the units digit of 662?
2
What is the units digit of 924?
4
What is the thousands digit of 4878?
4
What is the units digit of 2550?
0
What is the hundreds digit of 550?
5
What is the hundreds digit of 2386?
3
What is the thousands digit of 190676?
0
What is the units digit of 147?
7
What is the thousands digit of 1344?
1
What is the tens digit of 6770?
7
What is the tens digit of 3675?
7
What is the tens digit of 127103?
0
What is the units digit of 21475?
5
What is the tens digit of 3188?
8
What is the thousands digit of 1635?
1
What is the thousands digit of 7389?
7
What is the hundreds digit of 21571?
5
What is the units digit of 25311?
1
What is the tens digit of 1738?
3
What is the units digit of 7810?
0
What is the tens digit of 25050?
5
What is the ten thousands digit of 112791?
1
What is the tens digit of 2271?
7
What is the units digit of 159793?
3
What is the tens digit of 7706?
0
What is the units digit of 35079?
9
What is the thousands digit of 1188?
1
What is the units digit of 70?
0
What is the tens digit of 239?
3
What is the units digit of 38728?
8
What is the tens digit of 6785?
8
What is the units digit of 335?
5
What is the units digit of 5370?
0
What is the hundreds digit of 7832?
8
What is the tens digit of 2511?
1
What is the ten thousands digit of 12533?
1
What is the units digit of 78431?
1
What is the tens digit of 2293?
9
What is the units digit of 3486?
6
What is the tens digit of 966?
6
What is the tens digit of 3040?
4
What is the thousands digit of 1089?
1
What is the hundreds digit of 3563?
5
What is the tens digit of 83389?
8
What is the units digit of 5442?
2
What is the tens digit of 8109?
0
What is the hundreds digit of 149?
1
What is the units digit of 3155?
5
What is the ten thousands digit of 21803?
2
What is the tens digit of 538?
3
What is the thousands digit of 4088?
4
What is the thousands digit of 3560?
3
What is the thousands digit of 150466?
0
What is the tens digit of 11902?
0
What is the units digit of 41699?
9
What is the ten thousands digit of 38902?
3
What is the tens digit of 1643?
4
What is the tens digit of 840?
4
What is the units digit of 76865?
5
What is the units digit of 292?
2
What is the tens digit of 5332?
3
What is the hundreds digit of 497?
4
What is the units digit of 2983?
3
What is the thousands digit of 1020?
1
What is the units digit of 48?
8
What is the tens digit of 47343?
4
What is the hundreds digit of 5512?
5
What is the units digit of 1990?
0
What is the units digit of 3567?
7
What is the hundreds digit of 159?
1
What is the ten thousands digit of 20432?
2
What is the ten thousands digit of 21897?
2
What is the hundreds digit of 155652?
6
What is the units digit of 19691?
1
What is the thousands digit of 1494?
1
What is the tens digit of 33691?
9
What is the units digit of 2911?
1
What is the ten thousands digit of 13125?
1
What is the tens digit of 466?
6
What is the units digit of 1356?
6
What is the hundreds digit of 15927?
9
What is the hundreds digit of 7953?
9
What is the units digit of 1202?
2
What is the tens digit of 2463?
6
What is the units digit of 68030?
0
What is the tens digit of 11522?
2
What is the tens digit of 2765?
6
What is the hundreds digit of 27959?
9
What is the tens digit of 22347?
4
What is the thousands digit of 7293?
7
What is the hundred thousands digit of 164415?
1
What is the thousands digit of 1998?
1
What is the ten thousands digit of 11503?
1
What is the units digit of 739?
9
What is the tens digit of 1116?
1
What is the hundreds digit of 7755?
7
What is the thousands digit of 12400?
2
What is the hundreds digit of 193?
1
What is the tens digit of 1703?
0
What is the tens digit of 80948?
4
What is the units digit of 979?
